 hundreds digit of 60822?
8
What is the hundreds digit of 7461?
4
What is the tens digit of 12756?
5
What is the tens digit of 926?
2
What is the tens digit of 68316?
1
What is the hundreds digit of 3355?
3
What is the units digit of 472?
2
What is the tens digit of 4198?
9
What is the thousands digit of 4160?
4
What is the hundreds digit of 301?
3
What is the units digit of 50392?
2
What is the tens digit of 1722?
2
What is the units digit of 38400?
0
What is the units digit of 242?
2
What is the tens digit of 3452?
5
What is the thousands digit of 1326?
1
What is the thousands digit of 7711?
7
What is the hundreds digit of 3260?
2
What is the hundreds digit of 51439?
4
What is the thousands digit of 54409?
4
What is the tens digit of 5612?
1
What is the units digit of 26228?
8
What is the tens digit of 64255?
5
What is the thousands digit of 45274?
5
What is the tens digit of 961?
6
What is the thousands digit of 20433?
0
What is the tens digit of 58?
5
What is the ten thousands digit of 12366?
1
What is the units digit of 80720?
0
What is the thousands digit of 15308?
5
What is the ten thousands digit of 12717?
1
What is the tens digit of 3012?
1
What is the units digit of 80643?
3
What is the hundreds digit of 2874?
8
What is the hundreds digit of 114?
1
What is the tens digit of 1491?
9
What is the ten thousands digit of 12498?
1
What is the thousands digit of 1614?
1
What is the units digit of 2076?
6
What is the hundreds digit of 853?
8
What is the hundreds digit of 303?
3
What is the tens digit of 8484?
8
What is the tens digit of 240?
4
What is the thousands digit of 3233?
3
What is the tens digit of 11705?
0
What is the tens digit of 34530?
3
What is the units digit of 825?
5
What is the units digit of 1087?
7
What is the units digit of 422?
2
What is the tens digit of 3720?
2
What is the hundreds digit of 662?
6
What is the units digit of 625?
5
What is the hundreds digit of 12308?
3
What is the hundreds digit of 83345?
3
What is the tens digit of 4100?
0
What is the tens digit of 23995?
9
What is the thousands digit of 3057?
3
What is the hundreds digit of 129?
1
What is the units digit of 163037?
7
What is the tens digit of 182?
8
What is the tens digit of 18237?
3
What is the ten thousands digit of 32350?
3
What is the units digit of 7851?
1
What is the tens digit of 48935?
3
What is the tens digit of 105342?
4
What is the units digit of 5132?
2
What is the ten thousands digit of 13318?
1
What is the tens digit of 2122?
2
What is the thousands digit of 1184?
1
What is the units digit of 125262?
2
What is the thousands digit of 9024?
9
What is the thousands digit of 5300?
5
What is the tens digit of 4504?
0
What is the units digit of 70317?
7
What is the units digit of 1514?
4
What is the thousands digit of 9397?
9
What is the tens digit of 100772?
7
What is the thousands digit of 12599?
2
What is the tens digit of 1105?
0
What is the units digit of 54?
4
What is the units digit of 3695?
5
What is the tens digit of 53651?
5
What is the hundreds digit of 49192?
1
What is the hundreds digit of 1544?
5
What is the units digit of 33778?
8
What is the units digit of 3789?
9
What is the hundreds digit of 1251?
2
What is the thousands digit of 58950?
8
What is the tens digit of 16658?
5
What is the thousands digit of 11014?
1
What is the hundreds digit of 5786?
7
What is the hundreds digit of 7897?
8
What is the tens digit of 14122?
2
What is the hundreds digit of 3225?
2
What is the units digit of 4384?
4
What is the hundreds digit of 121015?
0
What is the tens digit of 6908?
0
What is the hundreds digit of 21671?
6
What is the tens digit of 85605?
0
What is the hundreds digit of 3092?
0
What is the hundreds digit of 718?
7
What is the hundreds digit of 38709?
7
What is the hundreds digit of 2071?
0
What is the ten thousands digit of 172370?
7
What is the units digit of 4852?
2
What is the hundreds digit of 37064?
0
What is the tens digit of 10046?
4
What is the thousands digit of 4745?
4
What is the thousands digit of 1031?
1
What is the units digit of 3433?
3
What is the thousands digit of 27251?
7
What is the ten thousands digit of 12057?
1
What is the hundreds digit of 924?
9
What is the tens digit of 3903?
0
What is the hundreds digit of 483?
4
What is the thousands digit of 4761?
4
What is the hundreds digit of 3711?
7
What is the tens digit of 8933?
3
What is the units digit of 4572?
2
What is the ten thousands digit of 85854?
8
What is the hundreds digit of 466?
4
What is the hundreds digit of 32152?
1
What is the tens digit of 905?
0
What is the hundreds digit of 1055?
0
What is the thousands digit of 5692?
5
What is the hundreds digit of 95913?
9
What is the ten thousands digit of 18069?
1
What is the tens digit of 531?
3
What is the units digit of 10953?
3
What is the units digit of 3933?
3
What is the thousands digit of 1050?
1
What is the tens digit of 382?
8
What is the thousands digit of 1324?
1
What is the units digit of 4354?
4
What is the units digit of 2416?
6
What is the units digit of 77434?
4
What is the tens digit of 3512?
1
What is the tens digit of 774?
7
What is the thousands digit of 8755?
8
What is the ten thousands digit of 13678?
1
What is the tens digit of 1309?
0
What is the tens digit of 39320?
2
What is the tens digit of 711?
1
What is the tens digit of 73432?
3
What is the units digit of 235?
5
What is the thousands digit of 25190?
5
What is the thousands digit of 36982?
6
What is the tens digit of 1098?
9
What is the units digit of 2855?
5
What is the tens digit of 89836?
3
What is the tens digit of 836?
3
What is the tens digit of 1783?
8
What is the ten thousands digit of 52010?
5
What is the units digit of 970?
0
What is the hundreds digit of 240?
2
What is the hundreds digit of 829?
8
What is the ten thousands digit of 51664?
5
What is the thousands digit of 5700?
5
What is the tens digit of 5172?
7
What is the hundreds digit of 1041?
0
What is the tens digit of 647?
4
What is the thousands digit of 1617?
1
What is the hundreds digit of 2979?
9
What is the thousands digit of 2294?
2
What is the hundreds digit of 28605?
6
What is the thousands digit of 8391?
8
What is the tens digit of 4757?
5
What is the tens digit of 3480?
8
What is the units digit of 93781?
1
What is the hundreds digit of 1019?
0
What is the thousands digit of 4719?
4
What is the hundreds digit of 20624?
6
What is the hundreds digit of 49768?
7
What is the tens digit of 21027?
2
What is the thousands digit of 8376?
8
What is the units digit of 600?
0
What is the tens digit of 1754?
5
What is the thousands digit of 1069?
1
What is the units digit of 12707?
7
What is the tens digit of 1572?
7
What is the ten thousands digit of 28376?
2
What is the units digit of 656?
6
What is the thousands digit of 9730?
9
What is the hundreds digit of 857?
8
What is the units digit of 314?
4
What is the hundreds digit of 772?
7
What is the tens digit of 1723?
2
What is the tens digit of 4964?
6
What is the units digit of 26?
6
What is the thousands digit of 43970?
3
What is the tens digit of 2170?
7
What is the thousands digit of 12634?
2
What is the tens digit of 105580?
8
What is the ten thousands digit of 19258?
1
What is the hundreds digit of 75840?
8
What is the thousands digit of 6481?
6
What is the tens digit of 39708?
0
What is the units digit of 10886?
6
What is the units digit of 21098?
8
What is the units digit of 5384?
4
What is the tens digit of 33170?
7
What is the ten thousands digit of 75935?
7
What is the hundred thousands digit of 118490?
1
What is the hundreds digit of 6586?
5
What is the thousands digit of 6454?
6
What is the thousands digit of 98146?
8
What is the tens digit of 118?
1
What is the thousands digit of 9619?
9
What is the thousands digit of 1576?
1
What is the tens digit of 7115?
1
What is the units digit of 8163?
3
What is the tens digit of 4228?
2
What is the thousands digit of 61859?
1
What is the thousands digit of 12854?
2
What is the thousands digit of 2481?
2
What is the tens digit of 299?
9
What is the hundreds digit of 16905?
9
What is the thousands digit of 2978?
2
What is the ten thousands digit of 37944?
3
What is the hundreds digit of 2632?
6
What is the thousands digit of 18790?
8
What is the 